 is divided by 72?
69
What is the remainder when 180 is divided by 32?
20
What is the remainder when 3562 is divided by 297?
295
Calculate the remainder when 748 is divided by 172.
60
What is the remainder when 524 is divided by 105?
104
What is the remainder when 3136 is divided by 10?
6
What is the remainder when 1144 is divided by 129?
112
Calculate the remainder when 246 is divided by 81.
3
Calculate the remainder when 99 is divided by 53.
46
What is the remainder when 2124 is divided by 17?
16
What is the remainder when 45 is divided by 40?
5
Calculate the remainder when 169 is divided by 87.
82
Calculate the remainder when 339 is divided by 43.
38
What is the remainder when 36 is divided by 23?
13
Calculate the remainder when 4453 is divided by 1481.
10
What is the remainder when 61 is divided by 33?
28
Calculate the remainder when 803 is divided by 67.
66
What is the remainder when 3796 is divided by 25?
21
Calculate the remainder when 1037 is divided by 16.
13
What is the remainder when 286 is divided by 22?
0
Calculate the remainder when 8323 is divided by 45.
43
Calculate the remainder when 706 is divided by 12.
10
What is the remainder when 1002 is divided by 39?
27
What is the remainder when 190 is divided by 28?
22
What is the remainder when 83 is divided by 15?
8
Calculate the remainder when 244 is divided by 78.
10
What is the remainder when 125 is divided by 54?
17
Calculate the remainder when 5531 is divided by 12.
11
What is the remainder when 282 is divided by 19?
16
What is the remainder when 2167 is divided by 31?
28
Calculate the remainder when 351 is divided by 88.
87
What is the remainder when 739 is divided by 5?
4
Calculate the remainder when 965 is divided by 97.
92
Calculate the remainder when 33 is divided by 26.
7
What is the remainder when 47 is divided by 19?
9
What is the remainder when 923 is divided by 44?
43
Calculate the remainder when 547 is divided by 55.
52
What is the remainder when 1501 is divided by 299?
6
What is the remainder when 5019 is divided by 14?
7
Calculate the remainder when 568 is divided by 148.
124
Calculate the remainder when 87 is divided by 58.
29
What is the remainder when 46 is divided by 30?
16
Calculate the remainder when 173 is divided by 11.
8
What is the remainder when 152 is divided by 140?
12
Calculate the remainder when 221 is divided by 58.
47
Calculate the remainder when 117 is divided by 17.
15
Calculate the remainder when 655 is divided by 33.
28
Calculate the remainder when 25 is divided by 18.
7
Calculate the remainder when 1985 is divided by 142.
139
Calculate the remainder when 47 is divided by 18.
11
What is the remainder when 127 is divided by 45?
37
What is the remainder when 165 is divided by 44?
33
What is the remainder when 3195 is divided by 100?
95
What is the remainder when 687 is divided by 270?
147
What is the remainder when 327 is divided by 15?
12
What is the remainder when 241 is divided by 21?
10
Calculate the remainder when 18873 is divided by 43.
39
What is the remainder when 336 is divided by 18?
12
Calculate the remainder when 114 is divided by 2.
0
Calculate the remainder when 1563 is divided by 49.
44
Calculate the remainder when 823 is divided by 75.
73
What is the remainder when 123 is divided by 41?
0
What is the remainder when 203 is divided by 80?
43
What is the remainder when 73 is divided by 27?
19
What is the remainder when 2344 is divided by 35?
34
What is the remainder when 1985 is divided by 19?
9
What is the remainder when 160 is divided by 79?
2
Calculate the remainder when 1043 is divided by 53.
36
What is the remainder when 106 is divided by 11?
7
Calculate the remainder when 3746 is divided by 14.
8
Calculate the remainder when 191 is divided by 78.
35
Calculate the remainder when 39 is divided by 8.
7
What is the remainder when 134 is divided by 17?
15
What is the remainder when 130 is divided by 120?
10
Calculate the remainder when 68 is divided by 42.
26
Calculate the remainder when 1655 is divided by 207.
206
What is the remainder when 47 is divided by 14?
5
What is the remainder when 2532 is divided by 39?
36
What is the remainder when 253 is divided by 86?
81
What is the remainder when 117 is divided by 35?
12
What is the remainder when 2607 is divided by 646?
23
Calculate the remainder when 42012 is divided by 104.
100
What is the remainder when 14019 is divided by 3504?
3
Calculate the remainder when 566 is divided by 80.
6
What is the remainder when 659 is divided by 55?
54
Calculate the remainder when 1603 is divided by 22.
19
What is the remainder when 446 is divided by 80?
46
Calculate the remainder when 76 is divided by 38.
0
Calculate the remainder when 85 is divided by 7.
1
What is the remainder when 263 is divided by 66?
65
Calculate the remainder when 58890 is divided by 47.
46
Calculate the remainder when 667 is divided by 63.
37
What is the remainder when 1609 is divided by 124?
121
What is the remainder when 6020 is divided by 9?
8
What is the remainder when 2206 is divided by 735?
1
What is the remainder when 694 is divided by 230?
4
Calculate the remainder when 581 is divided by 57.
11
Calculate the remainder when 49 is divided by 10.
9
Calculate the remainder when 71 is divided by 18.
17
What is the remainder when 619 is divided by 52?
47
What is the remainder when 2570 is divided by 2569?
1
What is the remainder when 15145 is divided by 153?
151
What is the remainder when 306 is divided by 29?
16
What is the remainder when 755 is divided by 23?
19
Calculate the remainder when 1896 is divided by 7.
6
Calculate the remainder when 3132 is divided by 1041.
9
Calculate the remainder when 750 is divided by 63.
57
Calculate the remainder when 1679 is divided by 48.
47
What is the remainder when 792 is divided by 35?
22
What is the remainder when 1496 is divided by 35?
26
Calculate the remainder when 158 is divided by 8.
6
Calculate the remainder when 137 is divided by 6.
5
What is the remainder when 17 is divided by 7?
3
Calculate the remainder when 1174 is divided by 47.
46
What is the remainder when 2978 is divided by 21?
17
What is the remainder when 577 is divided by 187?
16
Calculate the remainder when 1412 is divided by 95.
82
Calculate the remainder when 69 is divided by 26.
17
What is the remainder when 727 is divided by 10?
7
What is the remainder when 116 is divided by 43?
30
What is the remainder when 6478 is divided by 45?
43
Calculate the remainder when 132 is divided by 15.
12
What is the remainder when 102 is divided by 58?
44
Calculate the remainder when 508 is divided by 507.
1
What is the remainder when 339 is divided by 31?
29
Calculate the remainder when 58563 is divided by 86.
83
Calculate the remainder when 223 is divided by 50.
23
What is the remainder when 97 is divided by 5?
2
Calculate the remainder when 923 is divided by 37.
35
What is the remainder when 148 is divided by 78?
70
Calculate the remainder when 140 is divided by 52.
36
Calculate the remainder when 51 is divided by 17.
0
What is the remainder when 221 is divided by 45?
41
What is the remainder when 445 is divided by 64?
61
What is the remainder when 512 is divided by 130?
122
Calculate the remainder when 2471 is divided by 71.
57
Calculate the remainder when 309 is divided by 80.
69
What is the remainder when 716 is divided by 694?
22
What is the remainder when 3155 is divided by 117?
113
What is the remainder when 11429 is divided by 71?
69
Calculate the remainder when 8318 is divided by 80.
78
What is the remainder when 1698 is divided by 41?
17
Calculate the remainder when 529 is divided by 39.
22
Calculate the remainder when 119 is divided by 12.
11
Calculate the remainder when 143 is divided by 129.
14
What is the remainder when 216 is divided by 28?
20
Calculate the remainder when 185 is divided by 17.
15
What is the remainder when 67 is divided by 23?
21
Calculate the remainder when 237 is divided by 43.
22
Calculate the remainder when 6605 is divided by 14.
11
Calculate the remainder when 234 is divided by 64.
42
Calculate the remainder when 1663 is divided by 45.
43
Calculate the remainder when 1396 is divided by 37.
27
What is the remainder when 48 is divided by 9?
3
What is the remainder when 3139 is divided b